{"id":70,"date":"2020-03-22T14:12:10","date_gmt":"2020-03-22T14:12:10","guid":{"rendered":"http:\/\/st-ilgen-tigy.de\/?page_id=70"},"modified":"2021-05-11T11:37:26","modified_gmt":"2021-05-11T11:37:26","slug":"gallerie","status":"publish","type":"page","link":"https:\/\/st-ilgen-tigy.de\/index.php\/gallerie\/","title":{"rendered":"Galerie"},"content":{"rendered":"\n<figure class=\"wp-block-image size-large\"><img loading=\"lazy\" decoding=\"async\" width=\"1024\" height=\"627\" src=\"http:\/\/st-ilgen-tigy.de\/wp-content\/uploads\/2020\/03\/Komitee-2020-Partnerschaft-Tigy-1024x627.jpg\" alt=\"Vorstandsmitglieder und Funktionstr\u00e4ger des Partnerschaftskomites St. Ilgen-Tigy a\" class=\"wp-image-65\" srcset=\"https:\/\/st-ilgen-tigy.de\/wp-content\/uploads\/2020\/03\/Komitee-2020-Partnerschaft-Tigy-1024x627.jpg 1024w, https:\/\/st-ilgen-tigy.de\/wp-content\/uploads\/2020\/03\/Komitee-2020-Partnerschaft-Tigy-300x184.jpg 300w, https:\/\/st-ilgen-tigy.de\/wp-content\/uploads\/2020\/03\/Komitee-2020-Partnerschaft-Tigy-768x470.jpg 768w, https:\/\/st-ilgen-tigy.de\/wp-content\/uploads\/2020\/03\/Komitee-2020-Partnerschaft-Tigy.jpg 1401w\" sizes=\"auto, (max-width: 1024px) 100vw, 1024px\" \/><figcaption>Vorstandsmitglieder und Funktionstr\u00e4ger des Partnerschaftskomites St. Ilgen-Tigy.<\/figcaption><\/figure>\n\n\n\n<p>Hinten (von links nach rechts):\nFran\u00e7oise Touzeau, Monique Bechariat, Daniel\nBechariat, Clarisse Mouillerat, Didier Wagner, G\u00e9rard Aubard, Alexandre Besson <\/p>\n\n\n\n<p>Vorn (von links nach rechts) : Etienne Jacheet, Odile Coulot-Chambolle, Sophie Lange, Guy Duteriez, Gis\u00e8le Gonin, Jacques Simon, C\u00e9line Bitarelle<\/p>\n\n\n\n<figure class=\"wp-block-image size-large\"><img loading=\"lazy\" decoding=\"async\" width=\"1024\" height=\"768\" src=\"http:\/\/st-ilgen-tigy.de\/wp-content\/uploads\/2020\/03\/Komitee-2020-Partnerschaft-St_Ilgen-1024x768.jpg\" alt=\"Vorstandsmitglieder und Funktionstr\u00e4ger des Partnerschaftskomites St. Ilgen-Tigy, St. Ilgen\" class=\"wp-image-64\" srcset=\"https:\/\/st-ilgen-tigy.de\/wp-content\/uploads\/2020\/03\/Komitee-2020-Partnerschaft-St_Ilgen-1024x768.jpg 1024w, https:\/\/st-ilgen-tigy.de\/wp-content\/uploads\/2020\/03\/Komitee-2020-Partnerschaft-St_Ilgen-300x225.jpg 300w, https:\/\/st-ilgen-tigy.de\/wp-content\/uploads\/2020\/03\/Komitee-2020-Partnerschaft-St_Ilgen-768x576.jpg 768w, https:\/\/st-ilgen-tigy.de\/wp-content\/uploads\/2020\/03\/Komitee-2020-Partnerschaft-St_Ilgen-1536x1152.jpg 1536w, https:\/\/st-ilgen-tigy.de\/wp-content\/uploads\/2020\/03\/Komitee-2020-Partnerschaft-St_Ilgen.jpg 1800w\" sizes=\"auto, (max-width: 1024px) 100vw, 1024px\" \/><figcaption>Vorstandsmitglieder und Funktionstr\u00e4ger des Partnerschaftskomites St. Ilgen-Tigy, St. Ilgen<\/figcaption><\/figure>\n\n\n\n<p>(von links nach rechts): Rudi Sailer (Pr\u00e4sident), Elsbeth Sailer (Beisitzerin), Hans Rauch (Kassenpr\u00fcfer), Gabi Herb (Kassenpr\u00fcferin), Sophie Dittrich (Beisitzerin), Heike Grothues (Organisation), Sandra Dittrich (Beisitzerin), Hans Reinwald (Oberb\u00fcrgermeister), Ursel Riehm (Beisitzerin), Marc Grothues (Kassenwart), Petra Goerke (Schriftf\u00fchrerin), Bobby Sch\u00f6pe (Vizepr\u00e4sident und Quartiere), Michael Reinig (Beisitzer).<\/p>\n\n\n\n<p><\/p>\n","protected":false},"excerpt":{"rendered":"<p>Hinten (von links nach rechts): Fran\u00e7oise Touzeau, Monique Bechariat, Daniel Bechariat, Clarisse Mouillerat, Didier Wagner, G\u00e9rard Aubard, Alexandre Besson Vorn (von links nach rechts) : &hellip; <\/p>\n","protected":false},"author":1,"featured_media":0,"parent":0,"menu_order":4,"comment_status":"closed","ping_status":"closed","template":"","meta":{"footnotes":""},"class_list":["post-70","page","type-page","status-publish","hentry"],"_links":{"self":[{"href":"https:\/\/st-ilgen-tigy.de\/index.php\/wp-json\/wp\/v2\/pages\/70","targetHints":{"allow":["GET"]}}],"collection":[{"href":"https:\/\/st-ilgen-tigy.de\/index.php\/wp-json\/wp\/v2\/pages"}],"about":[{"href":"https:\/\/st-ilgen-tigy.de\/index.php\/wp-json\/wp\/v2\/types\/page"}],"author":[{"embeddable":true,"href":"https:\/\/st-ilgen-tigy.de\/index.php\/wp-json\/wp\/v2\/users\/1"}],"replies":[{"embeddable":true,"href":"https:\/\/st-ilgen-tigy.de\/index.php\/wp-json\/wp\/v2\/comments?post=70"}],"version-history":[{"count":6,"href":"https:\/\/st-ilgen-tigy.de\/index.php\/wp-json\/wp\/v2\/pages\/70\/revisions"}],"predecessor-version":[{"id":183,"href":"https:\/\/st-ilgen-tigy.de\/index.php\/wp-json\/wp\/v2\/pages\/70\/revisions\/183"}],"wp:attachment":[{"href":"https:\/\/st-ilgen-tigy.de\/index.php\/wp-json\/wp\/v2\/media?parent=70"}],"curies":[{"name":"wp","href":"https:\/\/api.w.org\/{rel}","templated":true}]}}

<figure class="wp-block-image size-large"><img loading="lazy" decoding="async" width="1024" height="627" src="http://st-ilgen-tigy.de/wp-content/uploads/2020/03/Komitee-2020-Partnerschaft-Tigy-1024x627.jpg" alt="Vorstandsmitglieder und Funktionsträger des Partnerschaftskomites St. Ilgen-Tigy a" class="wp-image-65" srcset="https://st-ilgen-tigy.de/wp-content/uploads/2020/03/Komitee-2020-Partnerschaft-Tigy-1024x627.jpg 1024w, https://st-ilgen-tigy.de/wp-content/uploads/2020/03/Komitee-2020-Partnerschaft-Tigy-300x184.jpg 300w, https://st-ilgen-tigy.de/wp-content/uploads/2020/03/Komitee-2020-Partnerschaft-Tigy-768x470.jpg 768w, https://st-ilgen-tigy.de/wp-content/uploads/2020/03/Komitee-2020-Partnerschaft-Tigy.jpg 1401w" sizes="auto, (max-width: 1024px) 100vw, 1024px" /><figcaption>Vorstandsmitglieder und Funktionsträger des Partnerschaftskomites St. Ilgen-Tigy.</figcaption></figure>



<p>Hinten (von links nach rechts):
Françoise Touzeau, Monique Bechariat, Daniel
Bechariat, Clarisse Mouillerat, Didier Wagner, Gérard Aubard, Alexandre Besson </p>



<p>Vorn (von links nach rechts) : Etienne Jacheet, Odile Coulot-Chambolle, Sophie Lange, Guy Duteriez, Gisèle Gonin, Jacques Simon, Céline Bitarelle</p>



<figure class="wp-block-image size-large"><img loading="lazy" decoding="async" width="1024" height="768" src="http://st-ilgen-tigy.de/wp-content/uploads/2020/03/Komitee-2020-Partnerschaft-St_Ilgen-1024x768.jpg" alt="Vorstandsmitglieder und Funktionsträger des Partnerschaftskomites St. Ilgen-Tigy, St. Ilgen" class="wp-image-64" srcset="https://st-ilgen-tigy.de/wp-content/uploads/2020/03/Komitee-2020-Partnerschaft-St_Ilgen-1024x768.jpg 1024w, https://st-ilgen-tigy.de/wp-content/uploads/2020/03/Komitee-2020-Partnerschaft-St_Ilgen-300x225.jpg 300w, https://st-ilgen-tigy.de/wp-content/uploads/2020/03/Komitee-2020-Partnerschaft-St_Ilgen-768x576.jpg 768w, https://st-ilgen-tigy.de/wp-content/uploads/2020/03/Komitee-2020-Partnerschaft-St_Ilgen-1536x1152.jpg 1536w, https://st-ilgen-tigy.de/wp-content/uploads/2020/03/Komitee-2020-Partnerschaft-St_Ilgen.jpg 1800w" sizes="auto, (max-width: 1024px) 100vw, 1024px" /><figcaption>Vorstandsmitglieder und Funktionsträger des Partnerschaftskomites St. Ilgen-Tigy, St. Ilgen</figcaption></figure>



<p>(von links nach rechts): Rudi Sailer (Präsident), Elsbeth Sailer (Beisitzerin), Hans Rauch (Kassenprüfer), Gabi Herb (Kassenprüferin), Sophie Dittrich (Beisitzerin), Heike Grothues (Organisation), Sandra Dittrich (Beisitzerin), Hans Reinwald (Oberbürgermeister), Ursel Riehm (Beisitzerin), Marc Grothues (Kassenwart), Petra Goerke (Schriftführerin), Bobby Schöpe (Vizepräsident und Quartiere), Michael Reinig (Beisitzer).</p>



<p></p>

<p>Hinten (von links nach rechts): Françoise Touzeau, Monique Bechariat, Daniel Bechariat, Clarisse Mouillerat, Didier Wagner, Gérard Aubard, Alexandre Besson Vorn (von links nach rechts) : &hellip; </p>
