{"id":2,"date":"2019-05-19T08:49:48","date_gmt":"2019-05-19T08:49:48","guid":{"rendered":"http:\/\/st-ilgen-tigy.de\/?page_id=2"},"modified":"2020-04-03T08:26:52","modified_gmt":"2020-04-03T08:26:52","slug":"deutsch-franzoesische-freundschaft","status":"publish","type":"page","link":"https:\/\/st-ilgen-tigy.de\/index.php\/deutsch-franzoesische-freundschaft\/","title":{"rendered":"\u00dcber uns"},"content":{"rendered":"\n<figure class=\"wp-block-image size-large\"><img loading=\"lazy\" decoding=\"async\" width=\"1024\" height=\"454\" src=\"http:\/\/st-ilgen-tigy.de\/wp-content\/uploads\/2020\/04\/St_Ilgen-1024x454.jpg\" alt=\"\" class=\"wp-image-123\" srcset=\"https:\/\/st-ilgen-tigy.de\/wp-content\/uploads\/2020\/04\/St_Ilgen-1024x454.jpg 1024w, https:\/\/st-ilgen-tigy.de\/wp-content\/uploads\/2020\/04\/St_Ilgen-300x133.jpg 300w, https:\/\/st-ilgen-tigy.de\/wp-content\/uploads\/2020\/04\/St_Ilgen-768x340.jpg 768w, https:\/\/st-ilgen-tigy.de\/wp-content\/uploads\/2020\/04\/St_Ilgen-1536x680.jpg 1536w, https:\/\/st-ilgen-tigy.de\/wp-content\/uploads\/2020\/04\/St_Ilgen.jpg 2000w\" sizes=\"auto, (max-width: 1024px) 100vw, 1024px\" \/><\/figure>\n\n\n\n<p>Die St\u00e4dtepartnerschaft zwischen St. Ilgen und Tigy hat ihre Urspr\u00fcnge im 2. Weltkrieg: W\u00e4hrend der deutschen Besatzung war eine Einheit des Heidelberger Infanterie-Regiments 110 in Ouvrouer les Champs untergebracht. Die Feldk\u00fcche mit dem K\u00fcchenfeldwebel Kurt Hess war im Hof der Familie Vappereau einquartiert. Der\u00a0 damals 13-j\u00e4hrige Sohn der Familie, Bernard Vappereau, wurde von Kurt Hess in der deutschen Sprache unterrichtet. <\/p>\n\n\n\n<p>Erst im Jahr 1966 fanden sich die beiden wieder und aus der\npers\u00f6nlichen Freundschaft&nbsp; entwickelte\nsich die St\u00e4dtepartnerschaft St. Ilgen \u2013 Tigy, die am 1. April 1970 von den\ndamaligen B\u00fcrgermeister Herbert Ehrbar und Jacques de Moncuit und deren\nGemeinder\u00e4te besiegelt wurde.<\/p>\n\n\n\n<p>Die Partnerschaft zwischen St. Ilgen und Tigy wurde vom Land\nBaden-W\u00fcrttemberg mehrfach als eine der aktivsten St\u00e4dtepartnerschaften\nausgezeichnet.<\/p>\n\n\n\n<p>Das \u201eCollege\u201c in Tigy, was etwa der deutschen Realschule\nentspricht, unterh\u00e4lt freundschaftliche Beziehungen zur\nGeschwister-Scholl-Schule.<\/p>\n\n\n\n<p><\/p>\n","protected":false},"excerpt":{"rendered":"<p>Die St\u00e4dtepartnerschaft zwischen St. Ilgen und Tigy hat ihre Urspr\u00fcnge im 2. Weltkrieg: W\u00e4hrend der deutschen Besatzung war eine Einheit des Heidelberger Infanterie-Regiments 110 in &hellip; <\/p>\n","protected":false},"author":1,"featured_media":0,"parent":0,"menu_order":0,"comment_status":"closed","ping_status":"closed","template":"","meta":{"footnotes":""},"class_list":["post-2","page","type-page","status-publish","hentry"],"_links":{"self":[{"href":"https:\/\/st-ilgen-tigy.de\/index.php\/wp-json\/wp\/v2\/pages\/2","targetHints":{"allow":["GET"]}}],"collection":[{"href":"https:\/\/st-ilgen-tigy.de\/index.php\/wp-json\/wp\/v2\/pages"}],"about":[{"href":"https:\/\/st-ilgen-tigy.de\/index.php\/wp-json\/wp\/v2\/types\/page"}],"author":[{"embeddable":true,"href":"https:\/\/st-ilgen-tigy.de\/index.php\/wp-json\/wp\/v2\/users\/1"}],"replies":[{"embeddable":true,"href":"https:\/\/st-ilgen-tigy.de\/index.php\/wp-json\/wp\/v2\/comments?post=2"}],"version-history":[{"count":4,"href":"https:\/\/st-ilgen-tigy.de\/index.php\/wp-json\/wp\/v2\/pages\/2\/revisions"}],"predecessor-version":[{"id":134,"href":"https:\/\/st-ilgen-tigy.de\/index.php\/wp-json\/wp\/v2\/pages\/2\/revisions\/134"}],"wp:attachment":[{"href":"https:\/\/st-ilgen-tigy.de\/index.php\/wp-json\/wp\/v2\/media?parent=2"}],"curies":[{"name":"wp","href":"https:\/\/api.w.org\/{rel}","templated":true}]}}

Über uns

<figure class="wp-block-image size-large"><img loading="lazy" decoding="async" width="1024" height="454" src="http://st-ilgen-tigy.de/wp-content/uploads/2020/04/St_Ilgen-1024x454.jpg" alt="" class="wp-image-123" srcset="https://st-ilgen-tigy.de/wp-content/uploads/2020/04/St_Ilgen-1024x454.jpg 1024w, https://st-ilgen-tigy.de/wp-content/uploads/2020/04/St_Ilgen-300x133.jpg 300w, https://st-ilgen-tigy.de/wp-content/uploads/2020/04/St_Ilgen-768x340.jpg 768w, https://st-ilgen-tigy.de/wp-content/uploads/2020/04/St_Ilgen-1536x680.jpg 1536w, https://st-ilgen-tigy.de/wp-content/uploads/2020/04/St_Ilgen.jpg 2000w" sizes="auto, (max-width: 1024px) 100vw, 1024px" /></figure>



<p>Die Städtepartnerschaft zwischen St. Ilgen und Tigy hat ihre Ursprünge im 2. Weltkrieg: Während der deutschen Besatzung war eine Einheit des Heidelberger Infanterie-Regiments 110 in Ouvrouer les Champs untergebracht. Die Feldküche mit dem Küchenfeldwebel Kurt Hess war im Hof der Familie Vappereau einquartiert. Der  damals 13-jährige Sohn der Familie, Bernard Vappereau, wurde von Kurt Hess in der deutschen Sprache unterrichtet. </p>



<p>Erst im Jahr 1966 fanden sich die beiden wieder und aus der
persönlichen Freundschaft&nbsp; entwickelte
sich die Städtepartnerschaft St. Ilgen – Tigy, die am 1. April 1970 von den
damaligen Bürgermeister Herbert Ehrbar und Jacques de Moncuit und deren
Gemeinderäte besiegelt wurde.</p>



<p>Die Partnerschaft zwischen St. Ilgen und Tigy wurde vom Land
Baden-Württemberg mehrfach als eine der aktivsten Städtepartnerschaften
ausgezeichnet.</p>



<p>Das „College“ in Tigy, was etwa der deutschen Realschule
entspricht, unterhält freundschaftliche Beziehungen zur
Geschwister-Scholl-Schule.</p>



<p></p>

<p>Die Städtepartnerschaft zwischen St. Ilgen und Tigy hat ihre Ursprünge im 2. Weltkrieg: Während der deutschen Besatzung war eine Einheit des Heidelberger Infanterie-Regiments 110 in &hellip; </p>
