{"id":174,"date":"2021-03-11T14:35:53","date_gmt":"2021-03-11T14:35:53","guid":{"rendered":"http:\/\/st-ilgen-tigy.de\/?page_id=174"},"modified":"2024-09-26T14:33:13","modified_gmt":"2024-09-26T14:33:13","slug":"der-vorstand","status":"publish","type":"page","link":"https:\/\/st-ilgen-tigy.de\/index.php\/der-partnerschaftsverein\/der-vorstand\/","title":{"rendered":"Der Vorstand"},"content":{"rendered":"\n<p>Pr\u00e4sident: Ernst-Robert (Bobby) Sch\u00f6pe<\/p>\n\n\n\n<p>Vizepr\u00e4sidentin: Heike Grothues<\/p>\n\n\n\n<p>Schriftf\u00fchrerin: Birgit Pernickel<\/p>\n\n\n\n<p>Kassenwart: Marc Grothues<\/p>\n\n\n\n<p>Organisation: Kerstin Nowarra<\/p>\n\n\n\n<p>Quartiersmanagement: Florian Mattheier<\/p>\n\n\n\n<p>\u00d6ffentlichkeitsarbeit: Michael Reinig<\/p>\n\n\n\n<p>Beisitzer: Bernd B\u00f6rgerding, Sophie Dittrich,  Elsbeth Sailer, Ehrenpr\u00e4sident Rudi Sailer<\/p>\n","protected":false},"excerpt":{"rendered":"<p>Pr\u00e4sident: Ernst-Robert (Bobby) Sch\u00f6pe Vizepr\u00e4sidentin: Heike Grothues Schriftf\u00fchrerin: Birgit Pernickel Kassenwart: Marc Grothues Organisation: Kerstin Nowarra Quartiersmanagement: Florian Mattheier \u00d6ffentlichkeitsarbeit: Michael Reinig Beisitzer: Bernd B\u00f6rgerding, &hellip; <\/p>\n","protected":false},"author":2,"featured_media":0,"parent":165,"menu_order":0,"comment_status":"closed","ping_status":"closed","template":"","meta":{"footnotes":""},"class_list":["post-174","page","type-page","status-publish","hentry"],"_links":{"self":[{"href":"https:\/\/st-ilgen-tigy.de\/index.php\/wp-json\/wp\/v2\/pages\/174","targetHints":{"allow":["GET"]}}],"collection":[{"href":"https:\/\/st-ilgen-tigy.de\/index.php\/wp-json\/wp\/v2\/pages"}],"about":[{"href":"https:\/\/st-ilgen-tigy.de\/index.php\/wp-json\/wp\/v2\/types\/page"}],"author":[{"embeddable":true,"href":"https:\/\/st-ilgen-tigy.de\/index.php\/wp-json\/wp\/v2\/users\/2"}],"replies":[{"embeddable":true,"href":"https:\/\/st-ilgen-tigy.de\/index.php\/wp-json\/wp\/v2\/comments?post=174"}],"version-history":[{"count":5,"href":"https:\/\/st-ilgen-tigy.de\/index.php\/wp-json\/wp\/v2\/pages\/174\/revisions"}],"predecessor-version":[{"id":358,"href":"https:\/\/st-ilgen-tigy.de\/index.php\/wp-json\/wp\/v2\/pages\/174\/revisions\/358"}],"up":[{"embeddable":true,"href":"https:\/\/st-ilgen-tigy.de\/index.php\/wp-json\/wp\/v2\/pages\/165"}],"wp:attachment":[{"href":"https:\/\/st-ilgen-tigy.de\/index.php\/wp-json\/wp\/v2\/media?parent=174"}],"curies":[{"name":"wp","href":"https:\/\/api.w.org\/{rel}","templated":true}]}}

<p>Präsident: Ernst-Robert (Bobby) Schöpe</p>



<p>Vizepräsidentin: Heike Grothues</p>



<p>Schriftführerin: Birgit Pernickel</p>



<p>Kassenwart: Marc Grothues</p>



<p>Organisation: Kerstin Nowarra</p>



<p>Quartiersmanagement: Florian Mattheier</p>



<p>Öffentlichkeitsarbeit: Michael Reinig</p>



<p>Beisitzer: Bernd Börgerding, Sophie Dittrich,  Elsbeth Sailer, Ehrenpräsident Rudi Sailer</p>

<p>Präsident: Ernst-Robert (Bobby) Schöpe Vizepräsidentin: Heike Grothues Schriftführerin: Birgit Pernickel Kassenwart: Marc Grothues Organisation: Kerstin Nowarra Quartiersmanagement: Florian Mattheier Öffentlichkeitsarbeit: Michael Reinig Beisitzer: Bernd Börgerding, &hellip; </p>
